34713
Convert -50cf (base 16) to base 4.
-11003033
-20020312 (base 5) to base 8
-463616
What is -100100011100000010010 (base 2) in base 9?
-2218768
25f5a (base 16) to base 12
75b8a
-3544525 (base 8) to base 9
-1736246
What is -8a0846 (base 11) in base 4?
-11132202330
Convert 67a81 (base 14) to base 16.
3d781
What is 421687 (base 9) in base 12?
101044
Convert -584aa6 (base 16) to base 13.
-1277944
-132031221 (base 4) to base 3
-20021202110
-101200121102 (base 3) to base 16
-335db
342123122 (base 5) to base 2
101110011001100011100
Convert da8187 (base 15) to base 6.
1011005301
Convert -2890bb (base 13) to base 16.
-f1f19
What is 2270c (base 15) in base 3?
12120022210
What is -1102022202112 (base 3) in base 13?
-205472
Convert 101020011322 (base 4) to base 2.
10001001000000101111010
Convert 2a544 (base 13) to base 4.
103201321
What is 524b32 (base 15) in base 5?
2000223042
24002442 (base 5) to base 7
1601561
Convert -4403202 (base 8) to base 2.
-100100000011010000010
What is 16249768 (base 10) in base 16?
f7f3a8
4205011 (base 8) to base 4
10100220021
What is -101546 (base 10) in base 6?
-2102042
What is -3442cd (base 16) in base 12?
-1192065
1102222031 (base 4) to base 3
122012102202
110100101111011101111 (base 2) to base 12
6b417b
1024 (base 10) to base 13
60a
121102221 (base 4) to base 2
11001010010101001
-26adc (base 14) to base 6
-2013522
What is 30220123000 (base 4) in base 5?
1321430141
What is -11213210 (base 4) in base 6?
-254312
Convert -3e016 (base 15) to base 13.
-6c84c
-20c1b (base 13) to base 7
-334343
What is 1111022110122 (base 3) in base 10?
793493
41241122 (base 5) to base 7
2602421
85021 (base 10) to base 7
502606
2004102410 (base 5) to base 16
3c9c86
What is 4e9c5 (base 16) in base 6?
10522405
Convert -4434411 (base 5) to base 11.
-53238
What is 2012011220002 (base 3) in base 6?
40544515
Convert 307011 (base 8) to base 2.
11000111000001001
Convert -1172115 (base 9) to base 10.
-637970
What is -4935a0 (base 11) in base 13?
-214455
What is 6c43a7 (base 13) in base 12?
a45016
What is 1010101111001010000 (base 2) in base 13?
c41a5
115341114 (base 6) to base 12
8b179a
Convert 1260500 (base 7) to base 6.
3320042
Convert -202350541 (base 6) to base 9.
-6487147
239f1 (base 16) to base 4
203213301
What is 102132321102 (base 4) in base 11?
280a251
What is 5315653 (base 7) in base 6?
21441214
What is -264a9 (base 13) in base 16?
-115cf
What is -64365413 (base 7) in base 12?
-1a025a2
What is 178502 (base 10) in base 2?
101011100101000110
What is 508384 (base 10) in base 13?
14a526
Convert 100002022202000 (base 3) to base 16.
49ae23
Convert -5bc9 (base 14) to base 4.
-3322311
Convert -5acd9 (base 15) to base 4.
-1012233303
9772a (base 14) to base 10
366362
Convert 3220416 (base 7) to base 2.
1011111100110010100
Convert 48bb681 (base 12) to base 3.
222200112221121
What is 111011010100101100101 (base 2) in base 14?
3885c9
4624354 (base 8) to base 5
310140120
10014220 (base 7) to base 6
25422404
What is -1100021111 (base 3) in base 7?
-140050
What is 13633005 (base 7) in base 6?
43315413
What is 1314265 (base 7) in base 4?
221333110
1477957 (base 12) to base 9
7708814
Convert -139084 (base 10) to base 4.
-201331030
What is 646660 (base 8) in base 7?
1561120
What is -14545034 (base 6) in base 16?
-7ceee
-103a14 (base 11) to base 13
-5a8ac
Convert 30211212202 (base 4) to base 7.
40022152
Convert 11a00 (base 13) to base 11.
22419
Convert -10002303103 (base 4) to base 8.
-4026323
What is -e57d1 (base 16) in base 10?
-939985
24251a (base 11) to base 2
1011101101111010010
What is -1001101110001000000 (base 2) in base 10?
-318528
Convert 73202 (base 11) to base 13.
39767
What is 28a4c (base 15) in base 11?
8a112
-10111010000011101 (base 2) to base 16
-1741d
1794460 (base 11) to base 4
23211112101
What is -a1877 (base 12) in base 3?
-101200112001
What is 5455414 (base 6) in base 12?
11156a
111101110011000010111 (base 2) to base 15
29eedd
1102012121222 (base 3) to base 6
24041425
What is -1513544 (base 6) in base 4?
-111122020
-4b95ac (base 16) to base 8
-22712654
7122928 (base 10) to base 9
14355734
Convert 17213 (base 12) to base 11.
22993
What is -236300 (base 9) in base 4?
-202300332
What is 2423444200 (base 5) in base 8?
25544201
What is -4725708 (base 9) in base 11?
-1496775
150072 (base 9) to base 7
531662
Convert 560535 (base 7) to base 13.
35c13
-233044001 (base 5) to base 6
-34500513
-2415682 (base 9) to base 16
-13fc94
-1201002211010 (base 3) to base 12
-3791a9
Convert 4134323 (base 5) to base 15.
15293
34444 (base 16) to base 9
355601
Convert -2234025 (base 7) to base 10.
-277506
221686 (base 9) to base 16
205a1
What is -1547732 (base 11) in base 14?
-4cc1bd
-7634783 (base 9) to base 2
-1111101000011001010110
-2603534 (base 7) to base 11
-210583
What is -30520 (base 9) in base 3?
-1000120200
Convert 7650504 (base 8) to base 10.
2052420
What is -1a9c2d (base 15) in base 12?
-527707
Convert -8d7edd (base 15) to base 5.
-3212310413
What is -1111010100011010 (base 2) in base 12?
-3038a
Convert 3a67b7 (base 12) to base 6.
32405151
What is 10013323 (base 8) in base 10?
2102995
10100101100000 (base 2) to base 10
10592
Convert -10202202002011 (base 3) to base 12.
-806b11
1554131 (base 6) to base 14
25c23
What is 12213 (base 16) in base 8?
221023
What is 2101111101201 (base 3) in base 8?
4657346
Convert 1000111011110111101 (base 2) to base 13.
a336b
What is -3301432320 (base 5) in base 8?
-32740121
What is -3002354 (base 8) in base 3?
-1111000111210
Convert 41700 (base 11) to base 2.
1110110101000110
-40b31 (base 12) to base 7
-501355
Convert 228353 (base 16) to base 13.
61268c
-25b4dd (base 15) to base 14
-351936
Convert 320403 (base 5) to base 10.
10728
Convert -1084b39 (base 13) to base 16.
-4d4d08
Convert 2a2db (base 15) to base 9.
226068
Convert -445754a (base 11) to base 4.
-131303213331
What is -221200010000102 (base 3) in base 16?
-d02b15
What is 110100110100000100110011 (base 2) in base 8?
64640463
Convert 302203111 (base 4) to base 10.
207061
What is 6639b (base 12) in base 7?
1102364
Convert 1365633 (base 12) to base 2.
1110101111111101000111
Convert d0d42c (base 15) to base 10.
9916692
484903 (base 10) to base 4
1312120213
-433042 (base 6) to base 14
-cdd8
What is -6b6390 (base 12) in base 10?
-1731996
What is 4528761 (base 9) in base 10?
2440585
Convert -242393 (base 13) to base 5.
-210034401
Convert -5214255 (base 6) to base 16.
-3d4db
-2100102001120 (base 3) to base 13
-34911c
What is -177530 (base 8) in base 14?
-19b72
Convert 1352017 (base 13) to base 2.
10111001110010011100011
-11020545 (base 8) to base 12
-962345
Convert -20133310322 (base 4) to base 9.
-4164515
What is -3014424200 (base 5) in base 2?
-10110111100010101011100
What is -371a14 (base 11) in base 5?
-122310241
What is 3a92783 (base 11) in base 12?
2445b82
578f81 (base 16) to base 11
326a35a
Convert 2243221 (base 6) to base 11.
79267
What is -20212000 (base 4) in base 13?
-13039
What is -51253452 (base 6) in base 14?
-2a35c4
What is -2994353 (base 11) in base 14?
-9777d5
-331201 (base 8) to base 6
-2214545
Convert 1110111011111101111 (base 2) to base 10.
489455
Convert -2157969 (base 13) to base 2.
-100110110110011111111111
What is 10111110111210 (base 3) in base 7?
21542523
Convert -164331145 (base 7) to base 4.
-222312312100
What is -2653532 (base 8) in base 2?
-10110101011101011010
167b09 (base 13) to base 11
352736
Convert -721a5 (base 11) to base 14.
-2a597
Convert 1194987 (base 11) to base 16.
1f9969
10000000001100100 (base 2) to base 10
65636
Convert 137202 (base 10) to base 3.
20222012120
What is -233957 (base 11) in base 3?
-200212011000
-bbb21 (base 12) to base 13
-8928a
-a3671 (base 14) to base 9
-660007
-1c19d (base 14) to base 16
-117ff
What is -1300400 (base 9) in base 6?
-23110000
101222001020 (base 3) to base 5
23401232
What is -436666 (base 8) in base 11?
-a0389
-25113523 (base 8) to base 6
-314453323
426765 (base 8) to base 5
14032322
What is 170714 (base 9) in base 2?
11001110001010100
Convert 21214041 (base 6) to base 13.
18b1b5
Convert -1677193 (base 11) to base 4.
-22313301212
Convert -787520 (base 10) to base 5.
-200200040
-a69666 (base 11) to base 16
-1a1c1d
Convert 1033102312 (base 4) to base 10.
324790
Convert -223000 (base 9) to base 5.
